 prime factors of 54813.
3, 11, 151
What are the prime factors of 32698?
2, 16349
What are the prime factors of 6708?
2, 3, 13, 43
What are the prime factors of 1632?
2, 3, 17
What are the prime factors of 7131?
3, 2377
What are the prime factors of 2435?
5, 487
What are the prime factors of 412?
2, 103
List the prime factors of 8757.
3, 7, 139
What are the prime factors of 5610?
2, 3, 5, 11, 17
List the prime factors of 15652.
2, 7, 13, 43
What are the prime factors of 13035?
3, 5, 11, 79
List the prime factors of 21965.
5, 23, 191
What are the prime factors of 9746?
2, 11, 443
List the prime factors of 19047.
3, 7, 907
List the prime factors of 25946.
2, 12973
List the prime factors of 15256.
2, 1907
List the prime factors of 1764.
2, 3, 7
List the prime factors of 7365.
3, 5, 491
What are the prime factors of 34614?
2, 3, 641
List the prime factors of 24561.
3, 2729
What are the prime factors of 27379?
11, 19, 131
What are the prime factors of 1210?
2, 5, 11
What are the prime factors of 38246?
2, 13, 1471
List the prime factors of 1378.
2, 13, 53
What are the prime factors of 1080?
2, 3, 5
What are the prime factors of 8515?
5, 13, 131
What are the prime factors of 52321?
52321
What are the prime factors of 7222?
2, 23, 157
List the prime factors of 11350.
2, 5, 227
What are the prime factors of 4277?
7, 13, 47
What are the prime factors of 861?
3, 7, 41
What are the prime factors of 588?
2, 3, 7
What are the prime factors of 9465?
3, 5, 631
List the prime factors of 7165.
5, 1433
List the prime factors of 12638.
2, 71, 89
List the prime factors of 725.
5, 29
What are the prime factors of 12?
2, 3
List the prime factors of 52763.
19, 2777
What are the prime factors of 15011?
17, 883
List the prime factors of 2888.
2, 19
List the prime factors of 951.
3, 317
List the prime factors of 15677.
61, 257
What are the prime factors of 701?
701
List the prime factors of 4219.
4219
List the prime factors of 19664.
2, 1229
What are the prime factors of 25197?
3, 37, 227
List the prime factors of 14319.
3, 37, 43
List the prime factors of 1210.
2, 5, 11
List the prime factors of 21065.
5, 11, 383
What are the prime factors of 2178?
2, 3, 11
What are the prime factors of 468?
2, 3, 13
What are the prime factors of 2231?
23, 97
List the prime factors of 503.
503
What are the prime factors of 2194?
2, 1097
List the prime factors of 2174.
2, 1087
What are the prime factors of 13897?
13, 1069
List the prime factors of 1025.
5, 41
List the prime factors of 4839.
3, 1613
What are the prime factors of 438?
2, 3, 73
What are the prime factors of 1582?
2, 7, 113
List the prime factors of 8783.
8783
What are the prime factors of 911?
911
List the prime factors of 11100.
2, 3, 5, 37
What are the prime factors of 977?
977
What are the prime factors of 14150?
2, 5, 283
List the prime factors of 1998.
2, 3, 37
What are the prime factors of 4132?
2, 1033
What are the prime factors of 39398?
2, 19699
What are the prime factors of 27746?
2, 13873
What are the prime factors of 5135?
5, 13, 79
List the prime factors of 130065.
3, 5, 13, 23, 29
List the prime factors of 47597.
11, 4327
List the prime factors of 20378.
2, 23, 443
List the prime factors of 8793.
3, 977
List the prime factors of 7473.
3, 47, 53
What are the prime factors of 31279?
31, 1009
What are the prime factors of 846?
2, 3, 47
What are the prime factors of 2185?
5, 19, 23
List the prime factors of 5181.
3, 11, 157
List the prime factors of 977.
977
List the prime factors of 486.
2, 3
List the prime factors of 2113.
2113
What are the prime factors of 17889?
3, 67, 89
List the prime factors of 146744.
2, 13, 17, 83
List the prime factors of 7205.
5, 11, 131
What are the prime factors of 14259?
3, 7, 97
What are the prime factors of 27198?
2, 3, 1511
What are the prime factors of 2269?
2269
List the prime factors of 1153.
1153
List the prime factors of 9425.
5, 13, 29
What are the prime factors of 1124?
2, 281
What are the prime factors of 1325?
5, 53
What are the prime factors of 76?
2, 19
List the prime factors of 3606.
2, 3, 601
List the prime factors of 91689.
3, 13, 2351
List the prime factors of 787.
787
List the prime factors of 2154.
2, 3, 359
List the prime factors of 1640.
2, 5, 41
List the prime factors of 2395.
5, 479
What are the prime factors of 1489?
1489
What are the prime factors of 1662?
2, 3, 277
What are the prime factors of 1541?
23, 67
What are the prime factors of 52615?
5, 17, 619
List the prime factors of 3943.
3943
What are the prime factors of 33323?
47, 709
List the prime factors of 326.
2, 163
What are the prime factors of 141801?
3, 11, 4297
List the prime factors of 5362.
2, 7, 383
List the prime factors of 73037.
73037
List the prime factors of 26181.
3, 2909
List the prime factors of 1463.
7, 11, 19
List the prime factors of 1399.
1399
What are the prime factors of 153347?
89, 1723
What are the prime factors of 5625?
3, 5
What are the prime factors of 14161?
7, 17
List the prime factors of 36394.
2, 31, 587
List the prime factors of 25885.
5, 31, 167
What are the prime factors of 11727?
3, 1303
List the prime factors of 6392.
2, 17, 47
List the prime factors of 60782.
2, 30391
What are the prime factors of 4765?
5, 953
What are the prime factors of 1028?
2, 257
What are the prime factors of 148463?
7, 127, 167
List the prime factors of 14868.
2, 3, 7, 59
What are the prime factors of 734?
2, 367
List the prime factors of 3730.
2, 5, 373
What are the prime factors of 435?
3, 5, 29
List the prime factors of 812.
2, 7, 29
What are the prime factors of 7374?
2, 3, 1229
List the prime factors of 1939.
7, 277
List the prime factors of 672.
2, 3, 7
What are the prime factors of 4738?
2, 23, 103
List the prime factors of 3979.
23, 173
What are the prime factors of 2943?
3, 109
List the prime factors of 11692.
2, 37, 79
List the prime factors of 157.
157
What are the prime factors of 3954?
2, 3, 659
List the prime factors of 405.
3, 5
List the prime factors of 105676.
2, 29, 911
What are the prime factors of 1590?
2, 3, 5, 53
List the prime factors of 2941.
17, 173
List the prime factors of 2199.
3, 733
What are the prime factors of 5089?
7, 727
What are the prime factors of 27726?
2, 3, 4621
List the prime factors of 67153.
67153
What are the prime factors of 108880?
2, 5, 1361
What are the prime factors of 784?
2, 7
List the prime factors of 6163.
6163
List the prime factors of 3051.
3, 113
What are the prime factors of 2393?
2393
What are the prime factors of 476?
2, 7, 17
What are the prime factors of 6933?
3, 2311
What are the prime factors of 820?
2, 5, 41
What are the prime factors of 1141?
7, 163
What are the prime factors of 81517?
81517
List the prime factors of 95627.
7, 19, 719
List the prime factors of 23332.
2, 19, 307
What are the prime factors of 1881?
3, 11, 19
List the prime factors of 916.
2, 229
What are the prime factors of 364?
2, 7, 13
List the prime factors of 3946.
2, 1973
What are the prime factors of 38522?
2, 11, 17, 103
List the prime factors of 23998.
2, 13, 71
What are the prime factors of 8790?
2, 3, 5, 293
List the prime factors of 17983.
7, 367
What are the prime factors of 1811?
1811
List the prime factors of 2566.
2, 1283
What are the prime factors of 679?
7, 97
What are the prime factors of 28394?
2, 14197
List the prime factors of 25758.
2, 3, 53
List the prime factors of 106232.
2, 7, 271
List the prime factors of 29256.
2, 3, 23, 53
List the prime factors of 259.
7, 37
What are the prime factors of 88490?
2, 5, 8849
What are the prime factors of 50338?
2, 25169
List the prime factors of 1071.
3, 7, 17
List the prime factors of 2349.
3, 29
What are the prime factors of 5281?
5281
List the prime factors of 846.
2, 3, 47
List the prime factors of 98910.
2, 3, 5, 7, 157
List the prime factors of 381.
3, 127
What are the prime factors of 636?
2, 3, 53
List the prime factors of 6825.
3, 5, 7, 13
List the prime factors of 1319.
1319
List the prime factors of 28714.
2, 7, 293
List the prime factors of 248.
2, 31
List the prime factors of 10374.
2, 3, 7, 13, 19
What are the prime factors of 1674?
2, 3, 31
What are the prime factors of 195895?
5, 7, 29, 193
What are the prime factors of 138?
2, 3, 23
What are the prime factors of 17709?
3, 5903
Wh